 + 5*f**2 - 3 - 1/3*f**3. List the prime factors of g(8).
2, 5
Suppose 0*p = -5*p. Suppose 2*q + 42 = 5*j + q, p = -j + 3*q. List the prime factors of j.
3
Suppose -7*w - 9 = -4*w - 4*u, -4*u + 16 = 4*w. Let c = 4 - w. What are the prime factors of c?
3
Let r = 2 + 1. Suppose 4*i = r*i. What are the prime factors of 2*9/6 - i?
3
Let t = -140 + 382. List the prime factors of t.
2, 11
Let i(j) = -1 - 2*j**3 - j + j**3 + 0 - j. Let k be i(-1). Suppose 4*p - k*h = 58, -2*p - 38 = -5*p - 4*h. List the prime factors of p.
2, 7
Let i(z) = -z**2 - 7*z - 7. Let a be i(-6). Let h(r) = -9*r**3 + r**2 + r + 1. What are the prime factors of h(a)?
2, 5
Suppose -6*c + 3*c + 9 = 0. Suppose 3*x = -c*l - l - 212, -5*x - 36 = l. List the prime factors of l/6*21/(-14).
2, 7
Suppose 0 = -0*f - 4*f + 40. List the prime factors of f.
2, 5
Let b(a) = 9*a**2 + a. Let w be (-4)/(-6) + 2/6. List the prime factors of b(w).
2, 5
Let m = 3 + -3. Suppose -2*d + 6 + 6 = 2*p, -2*p = m. Suppose d*t - 14 = 4*t. List the prime factors of t.
7
Suppose 5*z - 25 = -5*a, 7*z - 25 = 2*z. List the prime factors of 1*(1 + a) + 3.
2
Let d be 1/(3/(0 - -6)). Suppose 0*i + 20 = d*i. What are the prime factors of i?
2, 5
Suppose 0 = -2*q + 76 + 458. List the prime factors of q.
3, 89
List the prime factors of 20/5 + 67 + -1.
2, 5, 7
Suppose 6*g - 9*g = -117. List the prime factors of g.
3, 13
Let w(c) = c**3 - 12*c**2 + 12*c - 7. Let n be w(11). Suppose f = -n*f + 100. What are the prime factors of f?
2, 5
Suppose 101 - 1 = 4*n. Suppose 2*o + n = -4*s + 63, s + 23 = 2*o. List the prime factors of o.
13
Suppose 0 = -8*s + 12*s - 284. What are the prime factors of s?
71
Let h be (-8)/1 + 4 - -16. Suppose 80 = 2*w - h. List the prime factors of w.
2, 23
Let g(p) = -10*p + 11. Let o(k) = -5*k + 6. Let u(v) = -3*g(v) + 5*o(v). What are the prime factors of u(3)?
2, 3
Let q = 7 - 7. Let f(d) = 67*d**2 - d - 1. Let s be f(-1). Suppose 4*v - 5*y = s, 3*v - 36 = -q*v - y. What are the prime factors of v?
13
Let y(v) be the first derivative of v**2 - 3*v - 3. Let n be y(5). Let t = 11 - n. What are the prime factors of t?
2
Suppose -3*t = 4*w - 30 + 152, 4*t = 3*w + 104. Let h = 2 - w. List the prime factors of h.
2, 17
List the prime factors of (1*4)/(16/60).
3, 5
Let a(s) = 10*s - 7. Let o be (-6)/24 + 21/4. What are the prime factors of a(o)?
43
Let u(s) = s**2 - s - 3. What are the prime factors of u(-5)?
3
Suppose 90 = 3*q - 4*h - 26, 0 = q - 2*h - 42. What are the prime factors of q?
2
Let w be -1 - -8 - (-1 - -2). Let b = -33 + 38. Suppose 0 = f - w - b. What are the prime factors of f?
11
Let o(f) = f**2 + 2*f - 5. Let d be o(-4). Suppose d*a + 3*m = 15, -6*a - 5 = -a - 5*m. What are the prime factors of a?
2
Let v = -67 - -174. What are the prime factors of v?
107
Suppose 5*y + 3*x - 112 = 0, -2*x - 42 = -y - 17. What are the prime factors of y?
23
Let z(v) = -v**2 - 9*v - 5. Suppose 2*w = 3*w + 4. List the prime factors of z(w).
3, 5
Suppose -9 = 3*t, 9*l + 2*t = 4*l + 19. Suppose 1 = -h + l. Suppose -h*f = 3*b - 52, 3*f + 5*b - 26 = 24. What are the prime factors of f?
2, 5
Let v be 37/1 + 3 + -1. Suppose m - v = -2*m. What are the prime factors of m?
13
Let j = -114 - -260. List the prime factors of j.
2, 73
Let d = 554 + -389. List the prime factors of d.
3, 5, 11
Suppose -2*f + 4 = 22. What are the prime factors of (3 + 1)*f/(-4)?
3
Let z be (14 - 4) + 1/(-1). Suppose 16 = -f - 5*a, -f + 2*a + 3 = -z. Let i = f - -2. What are the prime factors of i?
2, 3
Let q be (-11 - -3)*(-1 + 3). Let h = q - -27. What are the prime factors of h?
11
Suppose 3*l + 6 = 2*z, -3 - 3 = 2*z + 3*l. Suppose m - 3*k + 8 + 7 = z, -4*m + k = 27. Let s = m - -8. List the prime factors of s.
2
Let d = -1 - -13. Suppose h - d = -3*h. Suppose -h*o - o = -12. List the prime factors of o.
3
Let d be ((-8)/10)/((-2)/5). Suppose d*r = -r. Suppose 2*o = -r + 6. List the prime factors of o.
3
Let t = 97 - 17. List the prime factors of t.
2, 5
Suppose -3*q = -1 - 11. Suppose -q*w - w + 10 = 0. List the prime factors of w.
2
Let m be (2 - 2/(-2)) + -6. List the prime factors of 1 + (-6 - m) - -7.
5
Let u = 0 - -4. Let d(z) = 4*z + 4. Let f be d(u). Suppose 3*q = -q + f. List the prime factors of q.
5
Suppose -2*i + 3*i + 10 = 0. Let z = i + 28. Suppose z + 12 = 5*x. What are the prime factors of x?
2, 3
Let x(r) = 2 + 0 - 5*r - 2. List the prime factors of x(-4).
2, 5
Suppose -3*t = -17 - 19. What are the prime factors of t?
2, 3
Let j be (-8 - -14) + (-5 - -2). Suppose i + j = 2*i. What are the prime factors of i?
3
List the prime factors of (-154)/(0 + 2)*(-21 - -20).
7, 11
Let j(x) = 5*x**2 - 17*x + 45. What are the prime factors of j(9)?
3, 11
Let r(n) = 4*n**2 + n - 1. Let p(c) = -11*c**2 - 4*c + 4. Let s(z) = 2*p(z) + 7*r(z). Let v = 5 - 4. List the prime factors of s(v).
2, 3
What are the prime factors of 128/10 - (-28)/(-35)?
2, 3
Let q = 1 + 9. List the prime factors of q.
2, 5
Suppose 0 = -3*j - 11 + 26. Suppose -37 + 7 = -j*z. List the prime factors of z.
2, 3
Suppose -11 = -5*t + 9. Suppose -4*f + 2*y + 35 = 3*y, 2*f = 4*y + t. List the prime factors of f.
2
Let t(g) = -g + 35. Let y be ((0 - -3) + -3)/2. List the prime factors of t(y).
5, 7
Let g = 93 - 24. What are the prime factors of g?
3, 23
Let b be ((-3)/(-6))/1*10. Suppose 0 = -b*k + 3*k - 30. What are the prime factors of (-50)/k - (-4)/6?
2
Suppose -g + 80 = 3*g. Suppose -4*r + 9*r = -4*a + g, -a + 5 = 0. Suppose 2*o + r*o = 10. List the prime factors of o.
5
Let x(f) = f**3 - 5*f**2 - 4*f - 4. Let s(a) = a**3 + a + 1. Let n(q) = -2*s(q) + x(q). List the prime factors of n(-4).
2
Suppose 0 = -5*k - 0*l - l, 5*l = k. Suppose -3*w + 8 - 77 = -3*g, k = 2*g - w - 48. Let y = -9 + g. List the prime factors of y.
2
Let m = -24 - -27. List the prime factors of (7/m)/((-7)/(-21)).
7
Let w(p) be the third derivative of -p**4/6 - p**3/3 + 2*p**2. Suppose -5*k - 11 = -1. What are the prime factors of w(k)?
2, 3
Let g = -9 - -23. Let p = 27 - g. What are the prime factors of p?
13
Let f(c) = c**2 - 3*c - 1. Let o be f(4). Suppose 2*b = p + 2, 0 = -0*b + o*b + 2*p + 4. Suppose -q - 2*q + 9 = b. List the prime factors of q.
3
Suppose 4*a - 649 = 439. List the prime factors of a.
2, 17
Suppose 4*z - 2*z = -16. Let c(f) = f**2 + 8*f + 5. Let u be c(z). Suppose -3*w + d + 14 = -3*d, -4*w + 18 = -u*d. What are the prime factors of w?
2
Suppose 3*h - 2*y - 335 = 0, -3*h + 46 = -5*y - 283. What are the prime factors of h?
113
List the prime factors of (54/(-30))/(1/(-5)).
3
Let w be 2*2/(12/9). Suppose -w*k = -k. Suppose j + k*j = 2. List the prime factors of j.
2
Suppose 5*p - 9*p + 24 = 0. List the prime factors of p.
2, 3
Suppose -n + 0 + 255 = 0. Let t = n - 180. Suppose 0 = a - 6*a + t. List the prime factors of a.
3, 5
Let o = 118 + -74. List the prime factors of o.
2, 11
Let p(u) = 2*u + 22. What are the prime factors of p(19)?
2, 3, 5
Let r(l) be the third derivative of 0*l - 2/3*l**3 + 0 - l**2 + 1/24*l**4. What are the prime factors of r(6)?
2
Let h be 2 + -1 - -1 - -1. List the prime factors of (1 + 0 + h)/2.
2
Suppose 2*y + y - 18 = 0. Let k = 9 + y. List the prime factors of k.
3, 5
Let m(f) = -115*f**3 - 4*f - 3. What are the prime factors of m(-1)?
2, 29
List the prime factors of 4/(-5)*(-520)/16.
2, 13
Suppose -2*x + 4*s + 48 = 0, -2*s = 3*x - s - 100. Suppose -w - 13 + x = 0. Suppose 3*d - c = 2*c + 15, -c = 3*d - w. What are the prime factors of d?
2, 3
Let l = 10 + -7. Suppose 0 = l*h - 5*o - 13, 4 = 3*o + 1. What are the prime factors of h?
2, 3
Suppose 2*y = 4*n + 152, 2*y + 3*n - 115 = 65. List the prime factors of ((-36)/(-7))/(12/y).
2, 3
List the prime factors of (-4)/(16/(-164)) + -2.
3, 13
Let r(o) = -3*o + 2. Let k be r(-2). Let y = k - -15. List the prime factors of y.
23
Let t(d) = -2*d - 10. Let a be t(-7). Let f be 0/(a + -2) - -6. Suppose -p = -4*p + f. List the prime factors of p.
2
Suppose -6*v + v - 85 = 0. Let w = v + 28. What are the prime factors of w?
11
Let v(z) = z - 10. Let g be v(10). Suppose g = -5*t + 27 + 13. What are the prime factors of t?
2
Let n(r) = -r**2 + 9*r - 8. Let d be n(7). What are the prime factors of 3/(-6) - (-93)/d?
3, 5
List the prime factors of 36*(-64)/(-60) - (-3)/5.
3, 13
Let p = 36 + 73. List the